{"id":858,"date":"2024-08-12T17:47:40","date_gmt":"2024-08-12T15:47:40","guid":{"rendered":"https:\/\/taoyingyang.fr\/?page_id=858"},"modified":"2024-08-16T13:09:51","modified_gmt":"2024-08-16T11:09:51","slug":"le-feng-shui-pour-les-particuliers","status":"publish","type":"page","link":"https:\/\/taoyingyang.fr\/index.php\/le-feng-shui-pour-les-particuliers\/","title":{"rendered":"Le Feng Shui pour les particuliers"},"content":{"rendered":"<div class=\"wpb-content-wrapper\">[vc_row css=\u00a0\u00bb.vc_custom_1723479315817{margin-left: 200px !important;}\u00a0\u00bb][vc_column][vc_empty_space][vc_custom_heading text=\u00a0\u00bbLe Feng Shui pour les particuliers\u00a0\u00bb font_container=\u00a0\u00bbtag:h2|text_align:center\u00a0\u00bb google_fonts=\u00a0\u00bbfont_family:Junge%3Aregular|font_style:400%20regular%3A400%3Anormal\u00a0\u00bb css=\u00a0\u00bb.vc_custom_1723806424999{margin-left: 0px !important;}\u00a0\u00bb][vc_media_grid element_width=\u00a0\u00bb3&Prime; css=\u00a0\u00bb\u00a0\u00bb initial_loading_animation=\u00a0\u00bbnone\u00a0\u00bb grid_id=\u00a0\u00bbvc_gid:1723806435209-488bd42d-679e-8&Prime; include=\u00a0\u00bb865,696,866,867&Prime;][\/vc_column][\/vc_row][vc_row][vc_column][vc_custom_heading text=\u00a0\u00bbTerrain &#8211; Maison &#8211; Appartement &#8211; R\u00e9sidence secondaire\u00a0\u00bb font_container=\u00a0\u00bbtag:h5|text_align:center|color:%23dd8e18&Prime; google_fonts=\u00a0\u00bbfont_family:Junge%3Aregular|font_style:400%20regular%3A400%3Anormal\u00a0\u00bb css=\u00a0\u00bb.vc_custom_1723479762703{margin-left: 200px !important;}\u00a0\u00bb][\/vc_column][\/vc_row][vc_row][vc_column][vc_empty_space][\/vc_column][\/vc_row][vc_row full_width=\u00a0\u00bbstretch_row_content\u00a0\u00bb content_placement=\u00a0\u00bbmiddle\u00a0\u00bb css=\u00a0\u00bb.vc_custom_1723555260583{margin-left: 200px !important;}\u00a0\u00bb][vc_column width=\u00a0\u00bb1\/4&Prime; css=\u00a0\u00bb.vc_custom_1723555419175{background-color: #eefaff !important;}\u00a0\u00bb][vc_column_text css=\u00a0\u00bb\u00a0\u00bb]\n<h5 style=\"text-align: center;\"><\/h5>\n<p>Investir dans une analyse Feng Shui, avant l&rsquo;achat, est pr\u00e9conis\u00e9. C&rsquo;est l&rsquo;opportunit\u00e9 de trouver un bien en ad\u00e9quation avec les \u00e9nergies des occupants et dans un environnement id\u00e9al pour chacun.<\/p>\n<p>Elle a pour objet l&rsquo;\u00e9tude de la qualit\u00e9 du Qi du bien immobilier, et de voir si le Qi est favorable pour les futurs acqu\u00e9reurs.<\/p>\n<p>Vendre son bien peut \u00e9galement \u00eatre booster par le Feng Shui et le home-staging.[\/vc_column_text][vc_empty_space height=\u00a0\u00bb60px\u00a0\u00bb][\/vc_column][vc_column width=\u00a0\u00bb1\/4&Prime;][vc_single_image image=\u00a0\u00bb888&Prime; img_size=\u00a0\u00bblarge\u00a0\u00bb style=\u00a0\u00bbvc_box_outline\u00a0\u00bb border_color=\u00a0\u00bbsky\u00a0\u00bb css=\u00a0\u00bb\u00a0\u00bb title=\u00a0\u00bbAcheter ou vendre un bien\u00a0\u00bb][\/vc_column][vc_column width=\u00a0\u00bb1\/4&Prime;][vc_empty_space height=\u00a0\u00bb21px\u00a0\u00bb][vc_single_image image=\u00a0\u00bb887&Prime; img_size=\u00a0\u00bbfull\u00a0\u00bb style=\u00a0\u00bbvc_box_outline\u00a0\u00bb border_color=\u00a0\u00bbsky\u00a0\u00bb css=\u00a0\u00bb\u00a0\u00bb title=\u00a0\u00bbConstruire ou r\u00e9nover\u00a0\u00bb][vc_empty_space height=\u00a0\u00bb21px\u00a0\u00bb][\/vc_column][vc_column width=\u00a0\u00bb1\/4&Prime; css=\u00a0\u00bb.vc_custom_1723557985852{background-color: #f9fc46 !important;}\u00a0\u00bb][vc_empty_space height=\u00a0\u00bb55px\u00a0\u00bb][vc_column_text css=\u00a0\u00bb\u00a0\u00bb]Le Feng Shui permet d&rsquo;agencer votre futur lieu de vie en r\u00e9pondant \u00e0 vos besoins et en cr\u00e9ant un environnement agr\u00e9able pour tous. Tout d\u00e9bute lors de l&rsquo;\u00e9laboration des plans.\u00a0 Ainsi, avec le Feng Shui, il est possible d&rsquo;optimiser l&rsquo;espace et de cr\u00e9er un cadre harmonieux pour tous.<\/p>\n<p>Des informations importantes sont transmises notamment l\u2019emplacement de la porte d\u2019entr\u00e9e, l\u2019agencement de la cuisine et la position des lits dans les chambres en fonction des \u00e9nergies de chacun.[\/vc_column_text][vc_empty_space height=\u00a0\u00bb55px\u00a0\u00bb][\/vc_column][\/vc_row][vc_row][vc_column][vc_empty_space][\/vc_column][\/vc_row][vc_row full_width=\u00a0\u00bbstretch_row_content\u00a0\u00bb css=\u00a0\u00bb.vc_custom_1723655717306{margin-left: 200px !important;}\u00a0\u00bb][vc_column width=\u00a0\u00bb1\/4&Prime; css=\u00a0\u00bb.vc_custom_1723560579319{background-image: url(https:\/\/taoyingyang.fr\/wp-content\/uploads\/2024\/08\/bonzai.jpg?id=647) !important;}\u00a0\u00bb][vc_empty_space height=\u00a0\u00bb60px\u00a0\u00bb][vc_empty_space height=\u00a0\u00bb60px\u00a0\u00bb][vc_custom_heading text=\u00a0\u00bbDemandez<br \/>\nvotre s\u00e9lection de biens<br \/>\nContactez-moi\u00a0\u00bb font_container=\u00a0\u00bbtag:h4|text_align:center|color:%23ffffff\u00a0\u00bb google_fonts=\u00a0\u00bbfont_family:Junge%3Aregular|font_style:400%20regular%3A400%3Anormal\u00a0\u00bb css=\u00a0\u00bb\u00a0\u00bb link=\u00a0\u00bburl:https%3A%2F%2Ftaoyingyang.fr%2Findex.php%2Fcontacts%2F|title:Me%20contacter\u00a0\u00bb][vc_empty_space height=\u00a0\u00bb60px\u00a0\u00bb][\/vc_column][vc_column width=\u00a0\u00bb1\/4&Prime;][vc_single_image image=\u00a0\u00bb945&Prime; img_size=\u00a0\u00bbfull\u00a0\u00bb style=\u00a0\u00bbvc_box_outline\u00a0\u00bb border_color=\u00a0\u00bbsky\u00a0\u00bb css=\u00a0\u00bb\u00a0\u00bb title=\u00a0\u00bbAm\u00e9nager et d\u00e9corer\u00a0\u00bb][\/vc_column][vc_column width=\u00a0\u00bb1\/4&Prime; css=\u00a0\u00bb.vc_custom_1723560260399{background-color: #ffc272 !important;}\u00a0\u00bb][vc_empty_space height=\u00a0\u00bb50px\u00a0\u00bb][vc_column_text css=\u00a0\u00bb\u00a0\u00bb]Aujourd&rsquo;hui; l&rsquo;int\u00e9r\u00eat de cr\u00e9er une ambiance dans notre logement qui nous ressemble est tr\u00e8s important. Certains suivent les tendances, d&rsquo;autres personnalisent, il y en a pour touts les go\u00fbts. L&rsquo;essentiel est de se sentir serein dans son univers personnel.<\/p>\n<p>Le Feng Shui, en lien avec les cinq \u00e9l\u00e9ments, oriente dans le choix des mat\u00e9riaux, des formes et des couleurs pour une d\u00e9coration int\u00e9rieure et ext\u00e9rieure en ad\u00e9quation avec votre personnalit\u00e9.[\/vc_column_text][vc_empty_space height=\u00a0\u00bb28px\u00a0\u00bb][\/vc_column][vc_column width=\u00a0\u00bb1\/4&Prime; css=\u00a0\u00bb.vc_custom_1723560902840{background-image: url(https:\/\/taoyingyang.fr\/wp-content\/uploads\/2024\/08\/bonzai.jpg?id=647) !important;}\u00a0\u00bb][vc_empty_space height=\u00a0\u00bb60px\u00a0\u00bb][vc_empty_space height=\u00a0\u00bb60px\u00a0\u00bb][vc_custom_heading text=\u00a0\u00bbDemandez<br \/>\nvotre analyse Feng Shui<br \/>\nContactez-moi\u00a0\u00bb font_container=\u00a0\u00bbtag:h4|text_align:center|color:%23ffffff\u00a0\u00bb google_fonts=\u00a0\u00bbfont_family:Junge%3Aregular|font_style:400%20regular%3A400%3Anormal\u00a0\u00bb css=\u00a0\u00bb\u00a0\u00bb link=\u00a0\u00bburl:https%3A%2F%2Ftaoyingyang.fr%2Findex.php%2Fcontacts%2F|title:Me%20contacter\u00a0\u00bb][vc_empty_space height=\u00a0\u00bb60px\u00a0\u00bb][\/vc_column][\/vc_row][vc_row full_width=\u00a0\u00bbstretch_row_content\u00a0\u00bb][vc_column css=\u00a0\u00bb.vc_custom_1723655755860{background-color: #ffffff !important;}\u00a0\u00bb][vc_tta_tabs title_tag=\u00a0\u00bbh3&Prime; style=\u00a0\u00bboutline\u00a0\u00bb color=\u00a0\u00bbchino\u00a0\u00bb active_section=\u00a0\u00bb1&Prime; title=\u00a0\u00bbLes diff\u00e9rentes \u00e9tapes d&rsquo;une analyse Feng Shui pour les particuliers\u00a0\u00bb][vc_tta_section title=\u00a0\u00bbUn premier contact\u00a0\u00bb tab_id=\u00a0\u00bb1723654965942-bb00044b-d32a\u00a0\u00bb][vc_column_text css=\u00a0\u00bb\u00a0\u00bb]\n<h3><em>1\u00e8re \u00e9tape<\/em><\/h3>\n<p>Pour toute \u00e9tude, j&rsquo;\u00e9tablis un devis en fonction de la surface du logement, et du nombre d&rsquo;occupants, apr\u00e8s un premier contact t\u00e9l\u00e9phonique ou Visio.<\/p>\n<p>Apr\u00e8s validation, vous devez me fournir plusieurs \u00e9l\u00e9ments pour poser les choses :<\/p>\n<ul>\n<li>L&rsquo;adresse exacte de votre habitat<\/li>\n<li>Un plan d\u00e9taill\u00e9 de tous les niveaux<\/li>\n<li>Un plan du terrain<\/li>\n<li>Les noms pr\u00e9noms et date de naissance de tous les occupants<\/li>\n<li>La date d&rsquo;am\u00e9nagement et de construction lorsqu&rsquo;elle est connue<\/li>\n<li>La date des gros travaux et\/ou des extensions<\/li>\n<li>Les diff\u00e9rentes probl\u00e9matiques s&rsquo;il y a lieu<\/li>\n<\/ul>\n[\/vc_column_text][\/vc_tta_section][vc_tta_section title=\u00a0\u00bbL&rsquo;analyse\u00a0\u00bb tab_id=\u00a0\u00bb1723654965973-91e25517-9b20&Prime;][vc_column_text css=\u00a0\u00bb\u00a0\u00bb]\n<h3><em>2\u00e8me \u00e9tape<\/em><\/h3>\n<p>Je proc\u00e8de \u00e0 l&rsquo;analyse de l&rsquo;ext\u00e9rieur et de l&rsquo;int\u00e9rieur de la maison selon les 3 \u00e9coles en Feng Shui Traditionnel (San He, Ba Zhai, San Yuan) en d\u00e9tail, en emplacement et en direction pour les habitants et l&rsquo;am\u00e9nagement dans et autour du lieu.<\/p>\n<p>Un rapport \u00e9crit est remis avec les recommandations (ou rem\u00e8des Feng Shui) selon les situations ou probl\u00e8mes rencontr\u00e9s, lors d&rsquo;un second entretien.<\/p>\n<p>Libre \u00e0 vous de suivre ces pr\u00e9conisations, qui ont pour objectif d&rsquo;am\u00e9liorer votre vie au quotidien dans un ou plusieurs domaines de votre vie.<\/p>\n[\/vc_column_text][\/vc_tta_section][vc_tta_section title=\u00a0\u00bbLe suivi\u00a0\u00bb tab_id=\u00a0\u00bb1723655161881-c1ac47a0-1873&Prime;][vc_column_text css=\u00a0\u00bb\u00a0\u00bb]\n<h3><em>3\u00e8me \u00e9tape<\/em><\/h3>\n<p>Il faut laisser le temps au temps !<\/p>\n<p>Suite \u00e0 la mise en place des recommandations not\u00e9es dans mon rapport, une p\u00e9riode de 3 \u00e0 6 mois est parfois n\u00e9cessaire pour voir les changements concrets, m\u00eame si certains apparaissent rapidement.<\/p>\n<p>Toutes ces \u00e9tapes sont comprises dans l&rsquo;\u00e9tude globale.[\/vc_column_text][\/vc_tta_section][\/vc_tta_tabs][\/vc_column][\/vc_row][vc_row][vc_column][vc_custom_heading text=\u00a0\u00bbEnvie d&rsquo;un devis<br \/>\nContactez-moi\u00a0\u00bb font_container=\u00a0\u00bbtag:h3|text_align:center|color:%23ffffff\u00a0\u00bb google_fonts=\u00a0\u00bbfont_family:Junge%3Aregular|font_style:400%20regular%3A400%3Anormal\u00a0\u00bb css=\u00a0\u00bb.vc_custom_1723803338818{background-image: url(https:\/\/taoyingyang.fr\/wp-content\/uploads\/2024\/08\/bonzai.jpg?id=647) !important;}\u00a0\u00bb link=\u00a0\u00bburl:https%3A%2F%2Ftaoyingyang.fr%2Findex.php%2Fcontacts%2F|title:Me%20contacter\u00a0\u00bb][\/vc_column][\/vc_row]\n<\/div>","protected":false},"excerpt":{"rendered":"<p>[vc_row css=\u00a0\u00bb.vc_custom_1723479315817{margin-left: 200px !important;}\u00a0\u00bb][vc_column][vc_empty_space][vc_custom_heading text=\u00a0\u00bbLe Feng Shui pour les particuliers\u00a0\u00bb font_container=\u00a0\u00bbtag:h2|text_align:center\u00a0\u00bb google_fonts=\u00a0\u00bbfont_family:Junge%3Aregular|font_style:400%20regular%3A400%3Anormal\u00a0\u00bb css=\u00a0\u00bb.vc_custom_1723806424999{margin-left: 0px !important;}\u00a0\u00bb][vc_media_grid element_width=\u00a0\u00bb3&Prime; css=\u00a0\u00bb\u00a0\u00bb initial_loading_animation=\u00a0\u00bbnone\u00a0\u00bb grid_id=\u00a0\u00bbvc_gid:1723806435209-488bd42d-679e-8&Prime; include=\u00a0\u00bb865,696,866,867&Prime;][\/vc_column][\/vc_row][vc_row][vc_column][vc_custom_heading text=\u00a0\u00bbTerrain &#8211; Maison &#8211; Appartement &#8211; R\u00e9sidence secondaire\u00a0\u00bb font_container=\u00a0\u00bbtag:h5|text_align:center|color:%23dd8e18&Prime; google_fonts=\u00a0\u00bbfont_family:Junge%3Aregular|font_style:400%20regular%3A400%3Anormal\u00a0\u00bb css=\u00a0\u00bb.vc_custom_1723479762703{margin-left: 200px !important;}\u00a0\u00bb][\/vc_column][\/vc_row][vc_row][vc_column][vc_empty_space][\/vc_column][\/vc_row][vc_row full_width=\u00a0\u00bbstretch_row_content\u00a0\u00bb content_placement=\u00a0\u00bbmiddle\u00a0\u00bb css=\u00a0\u00bb.vc_custom_1723555260583{margin-left: 200px !important;}\u00a0\u00bb][vc_column width=\u00a0\u00bb1\/4&Prime; css=\u00a0\u00bb.vc_custom_1723555419175{background-color: &hellip; <a href=\"https:\/\/taoyingyang.fr\/index.php\/le-feng-shui-pour-les-particuliers\/\">Lire la suite\u00ad\u00ad<\/a><\/p>\n","protected":false},"author":1,"featured_media":0,"parent":0,"menu_order":0,"comment_status":"closed","ping_status":"closed","template":"","meta":{"kt_blocks_editor_width":"","footnotes":""},"class_list":["post-858","page","type-page","status-publish","hentry"],"yoast_head":"<!-- This site is optimized with the Yoast SEO plugin v27.4 - https:\/\/yoast.com\/product\/yoast-seo-wordpress\/ -->\n<title>Le Feng Shui pour les particuliers - TAOYINYANG<\/title>\n<meta name=\"description\" content=\"Le Feng Shui s&#039;adresse tant aux particuliers qu&#039;aux entreprises afin d&#039;apporter la s\u00e9r\u00e9nit\u00e9, la r\u00e9ussite et le bien-\u00eatre pour tous\" \/>\n<meta name=\"robots\" content=\"index, follow, max-snippet:-1, max-image-preview:large, max-video-preview:-1\" \/>\n<link rel=\"canonical\" href=\"https:\/\/taoyingyang.fr\/index.php\/le-feng-shui-pour-les-particuliers\/\" \/>\n<meta property=\"og:locale\" content=\"fr_FR\" \/>\n<meta property=\"og:type\" content=\"article\" \/>\n<meta property=\"og:title\" content=\"Le Feng Shui pour les particuliers - TAOYINYANG\" \/>\n<meta property=\"og:description\" content=\"Le Feng Shui s&#039;adresse tant aux particuliers qu&#039;aux entreprises afin d&#039;apporter la s\u00e9r\u00e9nit\u00e9, la r\u00e9ussite et le bien-\u00eatre pour tous\" \/>\n<meta property=\"og:url\" content=\"https:\/\/taoyingyang.fr\/index.php\/le-feng-shui-pour-les-particuliers\/\" \/>\n<meta property=\"og:site_name\" content=\"TAOYINYANG\" \/>\n<meta property=\"article:publisher\" content=\"https:\/\/www.facebook.com\/embzh\" \/>\n<meta property=\"article:modified_time\" content=\"2024-08-16T11:09:51+00:00\" \/>\n<meta name=\"twitter:card\" content=\"summary_large_image\" \/>\n<meta name=\"twitter:label1\" content=\"Dur\u00e9e de lecture estim\u00e9e\" \/>\n\t<meta name=\"twitter:data1\" content=\"5 minutes\" \/>\n<script type=\"application\/ld+json\" class=\"yoast-schema-graph\">{\"@context\":\"https:\\\/\\\/schema.org\",\"@graph\":[{\"@type\":\"WebPage\",\"@id\":\"https:\\\/\\\/taoyingyang.fr\\\/index.php\\\/le-feng-shui-pour-les-particuliers\\\/\",\"url\":\"https:\\\/\\\/taoyingyang.fr\\\/index.php\\\/le-feng-shui-pour-les-particuliers\\\/\",\"name\":\"Le Feng Shui pour les particuliers - TAOYINYANG\",\"isPartOf\":{\"@id\":\"https:\\\/\\\/taoyingyang.fr\\\/#website\"},\"datePublished\":\"2024-08-12T15:47:40+00:00\",\"dateModified\":\"2024-08-16T11:09:51+00:00\",\"description\":\"Le Feng Shui s'adresse tant aux particuliers qu'aux entreprises afin d'apporter la s\u00e9r\u00e9nit\u00e9, la r\u00e9ussite et le bien-\u00eatre pour tous\",\"breadcrumb\":{\"@id\":\"https:\\\/\\\/taoyingyang.fr\\\/index.php\\\/le-feng-shui-pour-les-particuliers\\\/#breadcrumb\"},\"inLanguage\":\"fr-FR\",\"potentialAction\":[{\"@type\":\"ReadAction\",\"target\":[\"https:\\\/\\\/taoyingyang.fr\\\/index.php\\\/le-feng-shui-pour-les-particuliers\\\/\"]}]},{\"@type\":\"BreadcrumbList\",\"@id\":\"https:\\\/\\\/taoyingyang.fr\\\/index.php\\\/le-feng-shui-pour-les-particuliers\\\/#breadcrumb\",\"itemListElement\":[{\"@type\":\"ListItem\",\"position\":1,\"name\":\"Accueil\",\"item\":\"https:\\\/\\\/taoyingyang.fr\\\/\"},{\"@type\":\"ListItem\",\"position\":2,\"name\":\"Le Feng Shui pour les particuliers\"}]},{\"@type\":\"WebSite\",\"@id\":\"https:\\\/\\\/taoyingyang.fr\\\/#website\",\"url\":\"https:\\\/\\\/taoyingyang.fr\\\/\",\"name\":\"taoyingyang.fr\",\"description\":\"Un art de vivre, le Feng Shui\",\"publisher\":{\"@id\":\"https:\\\/\\\/taoyingyang.fr\\\/#\\\/schema\\\/person\\\/ab079bb0ea4b540fc81ba1c6d5725c14\"},\"potentialAction\":[{\"@type\":\"SearchAction\",\"target\":{\"@type\":\"EntryPoint\",\"urlTemplate\":\"https:\\\/\\\/taoyingyang.fr\\\/?s={search_term_string}\"},\"query-input\":{\"@type\":\"PropertyValueSpecification\",\"valueRequired\":true,\"valueName\":\"search_term_string\"}}],\"inLanguage\":\"fr-FR\"},{\"@type\":[\"Person\",\"Organization\"],\"@id\":\"https:\\\/\\\/taoyingyang.fr\\\/#\\\/schema\\\/person\\\/ab079bb0ea4b540fc81ba1c6d5725c14\",\"name\":\"taoyingyang.fr\",\"image\":{\"@type\":\"ImageObject\",\"inLanguage\":\"fr-FR\",\"@id\":\"https:\\\/\\\/taoyingyang.fr\\\/wp-content\\\/uploads\\\/2024\\\/03\\\/logo-feng-shui-fond-blanc-1.jpg\",\"url\":\"https:\\\/\\\/taoyingyang.fr\\\/wp-content\\\/uploads\\\/2024\\\/03\\\/logo-feng-shui-fond-blanc-1.jpg\",\"contentUrl\":\"https:\\\/\\\/taoyingyang.fr\\\/wp-content\\\/uploads\\\/2024\\\/03\\\/logo-feng-shui-fond-blanc-1.jpg\",\"width\":997,\"height\":1348,\"caption\":\"taoyingyang.fr\"},\"logo\":{\"@id\":\"https:\\\/\\\/taoyingyang.fr\\\/wp-content\\\/uploads\\\/2024\\\/03\\\/logo-feng-shui-fond-blanc-1.jpg\"},\"description\":\"N\u00e9e sur les bords de la Cot\u00e9 d'Emeraude, bretonne dans l'\u00e2me, comptable de formation et form\u00e9e en tant que peintre en d\u00e9cors, j'ai souhait\u00e9e explorer des domaines plus spirituellement pour mon d\u00e9veloppement personnel ; ainsi, je suis devenue progressivement num\u00e9rologue, lithoth\u00e9rapeute, de tous ces savoir-faire, j'ai cr\u00e9\u00e9 l'ArtNum\u00e9roTh\u00e9rapie qui associe la peinture et la num\u00e9rologie ; je r\u00e9alise \u00e9galement des peintures tr\u00e8s personnalis\u00e9es pour vous. Je me suis \u00e9galement int\u00e9ress\u00e9e au Feng Shui traditionnel, discipline chinoise permettant une qualit\u00e9 de vie certaine. Je vous propose des ateliers, des consultations et des formations en num\u00e9rologie, lithoth\u00e9rapie, Artnum\u00e9roth\u00e9rapie et en Feng Shui Traditionnel. Tous ces outils d'\u00e9volution personnelle s'adressent aux particuliers comme aux entreprises.\",\"sameAs\":[\"http:\\\/\\\/taoyingyang.fr\",\"https:\\\/\\\/www.facebook.com\\\/embzh\",\"https:\\\/\\\/www.instagram.com\\\/edith.mary.50\\\/\"]}]}<\/script>\n<!-- \/ Yoast SEO plugin. -->","yoast_head_json":{"title":"Le Feng Shui pour les particuliers - TAOYINYANG","description":"Le Feng Shui s'adresse tant aux particuliers qu'aux entreprises afin d'apporter la s\u00e9r\u00e9nit\u00e9, la r\u00e9ussite et le bien-\u00eatre pour tous","robots":{"index":"index","follow":"follow","max-snippet":"max-snippet:-1","max-image-preview":"max-image-preview:large","max-video-preview":"max-video-preview:-1"},"canonical":"https:\/\/taoyingyang.fr\/index.php\/le-feng-shui-pour-les-particuliers\/","og_locale":"fr_FR","og_type":"article","og_title":"Le Feng Shui pour les particuliers - TAOYINYANG","og_description":"Le Feng Shui s'adresse tant aux particuliers qu'aux entreprises afin d'apporter la s\u00e9r\u00e9nit\u00e9, la r\u00e9ussite et le bien-\u00eatre pour tous","og_url":"https:\/\/taoyingyang.fr\/index.php\/le-feng-shui-pour-les-particuliers\/","og_site_name":"TAOYINYANG","article_publisher":"https:\/\/www.facebook.com\/embzh","article_modified_time":"2024-08-16T11:09:51+00:00","twitter_card":"summary_large_image","twitter_misc":{"Dur\u00e9e de lecture estim\u00e9e":"5 minutes"},"schema":{"@context":"https:\/\/schema.org","@graph":[{"@type":"WebPage","@id":"https:\/\/taoyingyang.fr\/index.php\/le-feng-shui-pour-les-particuliers\/","url":"https:\/\/taoyingyang.fr\/index.php\/le-feng-shui-pour-les-particuliers\/","name":"Le Feng Shui pour les particuliers - TAOYINYANG","isPartOf":{"@id":"https:\/\/taoyingyang.fr\/#website"},"datePublished":"2024-08-12T15:47:40+00:00","dateModified":"2024-08-16T11:09:51+00:00","description":"Le Feng Shui s'adresse tant aux particuliers qu'aux entreprises afin d'apporter la s\u00e9r\u00e9nit\u00e9, la r\u00e9ussite et le bien-\u00eatre pour tous","breadcrumb":{"@id":"https:\/\/taoyingyang.fr\/index.php\/le-feng-shui-pour-les-particuliers\/#breadcrumb"},"inLanguage":"fr-FR","potentialAction":[{"@type":"ReadAction","target":["https:\/\/taoyingyang.fr\/index.php\/le-feng-shui-pour-les-particuliers\/"]}]},{"@type":"BreadcrumbList","@id":"https:\/\/taoyingyang.fr\/index.php\/le-feng-shui-pour-les-particuliers\/#breadcrumb","itemListElement":[{"@type":"ListItem","position":1,"name":"Accueil","item":"https:\/\/taoyingyang.fr\/"},{"@type":"ListItem","position":2,"name":"Le Feng Shui pour les particuliers"}]},{"@type":"WebSite","@id":"https:\/\/taoyingyang.fr\/#website","url":"https:\/\/taoyingyang.fr\/","name":"taoyingyang.fr","description":"Un art de vivre, le Feng Shui","publisher":{"@id":"https:\/\/taoyingyang.fr\/#\/schema\/person\/ab079bb0ea4b540fc81ba1c6d5725c14"},"potentialAction":[{"@type":"SearchAction","target":{"@type":"EntryPoint","urlTemplate":"https:\/\/taoyingyang.fr\/?s={search_term_string}"},"query-input":{"@type":"PropertyValueSpecification","valueRequired":true,"valueName":"search_term_string"}}],"inLanguage":"fr-FR"},{"@type":["Person","Organization"],"@id":"https:\/\/taoyingyang.fr\/#\/schema\/person\/ab079bb0ea4b540fc81ba1c6d5725c14","name":"taoyingyang.fr","image":{"@type":"ImageObject","inLanguage":"fr-FR","@id":"https:\/\/taoyingyang.fr\/wp-content\/uploads\/2024\/03\/logo-feng-shui-fond-blanc-1.jpg","url":"https:\/\/taoyingyang.fr\/wp-content\/uploads\/2024\/03\/logo-feng-shui-fond-blanc-1.jpg","contentUrl":"https:\/\/taoyingyang.fr\/wp-content\/uploads\/2024\/03\/logo-feng-shui-fond-blanc-1.jpg","width":997,"height":1348,"caption":"taoyingyang.fr"},"logo":{"@id":"https:\/\/taoyingyang.fr\/wp-content\/uploads\/2024\/03\/logo-feng-shui-fond-blanc-1.jpg"},"description":"N\u00e9e sur les bords de la Cot\u00e9 d'Emeraude, bretonne dans l'\u00e2me, comptable de formation et form\u00e9e en tant que peintre en d\u00e9cors, j'ai souhait\u00e9e explorer des domaines plus spirituellement pour mon d\u00e9veloppement personnel ; ainsi, je suis devenue progressivement num\u00e9rologue, lithoth\u00e9rapeute, de tous ces savoir-faire, j'ai cr\u00e9\u00e9 l'ArtNum\u00e9roTh\u00e9rapie qui associe la peinture et la num\u00e9rologie ; je r\u00e9alise \u00e9galement des peintures tr\u00e8s personnalis\u00e9es pour vous. Je me suis \u00e9galement int\u00e9ress\u00e9e au Feng Shui traditionnel, discipline chinoise permettant une qualit\u00e9 de vie certaine. Je vous propose des ateliers, des consultations et des formations en num\u00e9rologie, lithoth\u00e9rapie, Artnum\u00e9roth\u00e9rapie et en Feng Shui Traditionnel. Tous ces outils d'\u00e9volution personnelle s'adressent aux particuliers comme aux entreprises.","sameAs":["http:\/\/taoyingyang.fr","https:\/\/www.facebook.com\/embzh","https:\/\/www.instagram.com\/edith.mary.50\/"]}]}},"jetpack_sharing_enabled":true,"_links":{"self":[{"href":"https:\/\/taoyingyang.fr\/index.php\/wp-json\/wp\/v2\/pages\/858","targetHints":{"allow":["GET"]}}],"collection":[{"href":"https:\/\/taoyingyang.fr\/index.php\/wp-json\/wp\/v2\/pages"}],"about":[{"href":"https:\/\/taoyingyang.fr\/index.php\/wp-json\/wp\/v2\/types\/page"}],"author":[{"embeddable":true,"href":"https:\/\/taoyingyang.fr\/index.php\/wp-json\/wp\/v2\/users\/1"}],"replies":[{"embeddable":true,"href":"https:\/\/taoyingyang.fr\/index.php\/wp-json\/wp\/v2\/comments?post=858"}],"version-history":[{"count":132,"href":"https:\/\/taoyingyang.fr\/index.php\/wp-json\/wp\/v2\/pages\/858\/revisions"}],"predecessor-version":[{"id":1031,"href":"https:\/\/taoyingyang.fr\/index.php\/wp-json\/wp\/v2\/pages\/858\/revisions\/1031"}],"wp:attachment":[{"href":"https:\/\/taoyingyang.fr\/index.php\/wp-json\/wp\/v2\/media?parent=858"}],"curies":[{"name":"wp","href":"https:\/\/api.w.org\/{rel}","templated":true}]}}